{"id":103,"date":"2025-03-26T10:19:32","date_gmt":"2025-03-26T09:19:32","guid":{"rendered":"https:\/\/bibart.inha.fr\/?page_id=103"},"modified":"2026-02-10T16:50:00","modified_gmt":"2026-02-10T15:50:00","slug":"le-reseau-bibart","status":"publish","type":"page","link":"https:\/\/portail.reseaubibart.inha.fr\/?page_id=103","title":{"rendered":"Qui sommes-nous ?"},"content":{"rendered":"\n<p class=\"has-medium-font-size\">Le r\u00e9seau des biblioth\u00e8ques d\u2019art et d\u2019histoire de l\u2019art est un r\u00e9seau professionnel rassemblant des biblioth\u00e8ques sp\u00e9cialis\u00e9es en histoire de l\u2019art, patrimoine et arch\u00e9ologie.<\/p>\n\n\n\n<p class=\"has-medium-font-size\">Cr\u00e9\u00e9 en 2019, il rassemble plus de 130 \u00e9tablissements dans toute la France, soit plus de 300 professionnels. Il est compos\u00e9 de r\u00e9seaux partenaires (Archir\u00e8s, BEAR, RBMN) et de biblioth\u00e8ques hors r\u00e9seaux partenaires, de statuts et tutelles vari\u00e9s. Le r\u00e9seau est anim\u00e9 et pilot\u00e9 par la biblioth\u00e8que de l\u2019INHA.<\/p>\n\n\n\n<p class=\"has-medium-font-size\">Le r\u00e9seau, reflet de la diversit\u00e9 et de la richesse des biblioth\u00e8ques qui le composent, se fixe comme objectif de partager de l\u2019information, de favoriser les liens entre professionnels, d\u2019ouvrir des espaces d\u2019\u00e9change sur les th\u00e9matiques m\u00e9tier et de f\u00e9d\u00e9rer ses membres autour de projets structurants. Dans ce but, il assure notamment :<\/p>\n\n\n\n<ul class=\"wp-block-list\">\n<li class=\"has-medium-font-size\">la gestion d\u2019une liste de diffusion qui offre la possibilit\u00e9 d\u2019\u00e9changer sur des sujets professionnels : information sur les \u00e9tablissements, publications, dons d\u2019ouvrage, offres d\u2019emploi, journ\u00e9es d\u2019\u00e9tudes, etc. ;<\/li>\n\n\n\n<li class=\"has-medium-font-size\">l\u2019organisation de journ\u00e9es de rencontres professionnelles proposant des \u00e9clairages sur les enjeux actuels auxquels sont confront\u00e9es les biblioth\u00e8ques ;<\/li>\n\n\n\n<li class=\"has-medium-font-size\">la coordination de projets offrant une visibilit\u00e9 et une identit\u00e9 collective aux biblioth\u00e8ques du r\u00e9seau.<\/li>\n<\/ul>\n\n\n\n<h2 class=\"wp-block-heading\">Les r\u00e9seaux partenaires<\/h2>\n\n\n\n<details class=\"wp-block-details is-layout-flow wp-block-details-is-layout-flow\"><summary>ArchiR\u00e8s<\/summary>\n<p class=\"has-medium-font-size\"><a href=\"http:\/\/www.archires.archi.fr\/\" target=\"_blank\" rel=\"noreferrer noopener\">ArchiR\u00e8s <\/a>est un r\u00e9seau francophone de biblioth\u00e8ques et de centres de documentation d\u2019\u00e9coles d\u2019architecture et de paysage et de leurs laboratoires de recherche sous tutelle du minist\u00e8re de la Culture, ou de toute autre institution s\u2019int\u00e9ressant \u00e0 l\u2019architecture, au paysage, au patrimoine et \u00e0 l\u2019urbanisme.<\/p>\n\n\n\n<p class=\"has-medium-font-size\">La volont\u00e9 commune est de promouvoir l\u2019\u00e9change et la diffusion d\u2019informations, la valorisation des ressources documentaires, la mise en commun des comp\u00e9tences, le partage de la veille technologique, le d\u00e9veloppement de nouvelles prestations aux usagers et ainsi de contribuer \u00e0 la diffusion de la culture architecturale aupr\u00e8s d\u2019un public de lecteurs toujours plus large. Le fonctionnement du r\u00e9seau s\u2019appuie sur le travail de plusieurs commissions et ses membres sont producteurs de la base de donn\u00e9es ArchiR\u00e8s.<\/p>\n\n\n\n<p class=\"has-medium-font-size\">Le r\u00e9seau rassemble actuellement :<\/p>\n\n\n\n<ul class=\"wp-block-list\">\n<li class=\"has-medium-font-size\">les 20 \u00e9coles nationales sup\u00e9rieures d&rsquo;architecture (ENSA) du minist\u00e8re de la Culture et de la Communication<\/li>\n\n\n\n<li class=\"has-medium-font-size\">l\u2019\u00c9cole sp\u00e9ciale d&rsquo;architecture<\/li>\n\n\n\n<li class=\"has-medium-font-size\">l\u2019\u00c9cole Camondo<\/li>\n\n\n\n<li class=\"has-medium-font-size\">l&rsquo;UCL &#8211; Facult\u00e9 d&rsquo;architecture, d&rsquo;ing\u00e9nierie architecturale, d&rsquo;urbanisme LOCI Site de Bruxelles<\/li>\n\n\n\n<li class=\"has-medium-font-size\">l\u2019ULB &#8211; Universit\u00e9 Libre de Bruxelles &#8211; Facult\u00e9 d\u2019architecture<\/li>\n\n\n\n<li class=\"has-medium-font-size\">l\u2019\u00c9cole nationale d&rsquo;architecture de Rabat<\/li>\n\n\n\n<li class=\"has-medium-font-size\">la Cit\u00e9 de l\u2019architecture et du patrimoine<\/li>\n<\/ul>\n\n\n\n<div class=\"wp-block-buttons is-layout-flex wp-block-buttons-is-layout-flex\">\n<div class=\"wp-block-button\"><a class=\"wp-block-button__link wp-element-button\" href=\"https:\/\/www.archires.archi.fr\/\" target=\"_blank\" rel=\"noreferrer noopener\">Visiter le site d&rsquo;ArchiR\u00e8s<\/a><\/div>\n<\/div>\n<\/details>\n\n\n\n<details class=\"wp-block-details is-layout-flow wp-block-details-is-layout-flow\"><summary>BEAR<\/summary>\n<p class=\"has-medium-font-size\">Au sein de l&rsquo;association <a href=\"https:\/\/www.bsad.eu\/index.php?lvl=cmspage&amp;pageid=6&amp;id_rubrique=28\" target=\"_blank\" rel=\"noreferrer noopener\">BEAR<\/a>, on retrouve des biblioth\u00e8ques d\u2019\u00e9coles nationales, des biblioth\u00e8ques d\u2019\u00e9coles territoriales dont certaines multi-sites. A ces statuts diff\u00e9rents correspondent des statuts de personnels vari\u00e9s, des tutelles multiples, qui cr\u00e9ent une vraie richesse et de la diversit\u00e9 mais aussi une certaine complexit\u00e9 pour structurer des projets. Les biblioth\u00e8ques d&rsquo;\u00e9coles d&rsquo;art ont n\u00e9anmoins r\u00e9ussi \u00e0 se f\u00e9d\u00e9rer autour d&rsquo;un outil commun de d\u00e9pouillement des revues \u00e0 destination des \u00e9tudiants, professionnels, chercheurs et du grand public, la Base sp\u00e9cialis\u00e9e art et design (BSAD). Outre le d\u00e9pouillement d&rsquo;articles, celle-ci signale aussi les publications des \u00e9coles et les m\u00e9moires de fin d&rsquo;\u00e9tudes de leurs \u00e9tudiants. Dans une perspective toujours renouvel\u00e9e de mise en commun et de partage d&rsquo;un travail scientifique, cette plateforme est accessible librement \u00e0 tous et participe \u00e0 la valorisation de la recherche dans les \u00e9coles d&rsquo;art et de design.<\/p>\n\n\n\n<p class=\"has-medium-font-size\">L&rsquo;association BEAR vise \u00e9galement \u00e0 faciliter les \u00e9changes professionnels et la circulation de documents, \u00e0 partager connaissances et savoir-faire entre les membres du r\u00e9seau, \u00e0 organiser des rencontres annuelles autour de l&rsquo;\u00e9dition, de l&rsquo;offre documentaire, de la transmission des savoirs. Elle est membre du CIPAC, du Comit\u00e9 de consultation de la biblioth\u00e8que de l&rsquo;INHA et membre associ\u00e9 de l&rsquo;ANdEA. Ces derni\u00e8res ann\u00e9es, le r\u00e9seau s&rsquo;est \u00e9toff\u00e9 et compte parmi ses partenaires des documentations de centres d&rsquo;art, de FRAC, de mus\u00e9es et d&rsquo;institutions d\u00e9di\u00e9es \u00e0 l&rsquo;art<\/p>\n\n\n\n<div class=\"wp-block-buttons is-layout-flex wp-block-buttons-is-layout-flex\">\n<div class=\"wp-block-button\"><a class=\"wp-block-button__link wp-element-button\" href=\"https:\/\/www.bsad.eu\/index.php?lvl=cmspage&amp;pageid=6&amp;id_rubrique=28\" target=\"_blank\" rel=\"noreferrer noopener\">Liste des \u00e9tablissements du BEAR<\/a><\/div>\n<\/div>\n\n\n\n<p><\/p>\n<\/details>\n\n\n\n<details class=\"wp-block-details is-layout-flow wp-block-details-is-layout-flow\"><summary>RBMN<\/summary>\n<p class=\"has-medium-font-size\">Le RBMN est un r\u00e9seau actif constitu\u00e9 de 32 biblioth\u00e8ques de mus\u00e9es nationaux situ\u00e9es en \u00cele-de-France mais aussi dans les r\u00e9gions des Hauts-de-France, Bourgogne, Centre-Val-de-Loire, Pyr\u00e9n\u00e9es-Orientales, Provence-Alpes-C\u00f4te d\u2019Azur et Corse.<\/p>\n\n\n\n<p class=\"has-medium-font-size\">Depuis 2016, le Centre de Recherche et de Restauration des Mus\u00e9es de France pilote et anime le r\u00e9seau des biblioth\u00e8ques des mus\u00e9es nationaux (RBMN) qui enrichit une base de donn\u00e9es commune de plus de 550 000 notices : le catalogue collectif des biblioth\u00e8ques des mus\u00e9es nationaux (CCBMN).<\/p>\n\n\n\n<p class=\"has-medium-font-size\">Les activit\u00e9s du r\u00e9seau s\u2019articulent autour de plusieurs services propos\u00e9s aux biblioth\u00e8ques participatives :<\/p>\n\n\n\n<ul class=\"wp-block-list\">\n<li class=\"has-medium-font-size\">g\u00e9rer le syst\u00e8me int\u00e9gr\u00e9 de gestion de la base de donn\u00e9es (Aleph 500 d\u2019Ex Libris) du Catalogue Collectif des Biblioth\u00e8ques de Mus\u00e9es Nationaux (CCBMN) pour en assurer l\u2019administration technique ;<\/li>\n\n\n\n<li class=\"has-medium-font-size\">proposer des formations professionnelles pour l\u2019apprentissage et la ma\u00eetrise de l\u2019outil informatique du catalogue mutualis\u00e9 ;<\/li>\n\n\n\n<li class=\"has-medium-font-size\">organiser des journ\u00e9es d\u2019\u00e9tudes th\u00e9matiques annuelles (les mardis du r\u00e9seau, les journ\u00e9es pl\u00e9ni\u00e8res professionnelles) ;<\/li>\n\n\n\n<li class=\"has-medium-font-size\">mutualiser les ressources de gestion d&rsquo;information par une plateforme collaborative d\u2019\u00e9changes de donn\u00e9es ;<\/li>\n\n\n\n<li class=\"has-medium-font-size\">assurer le suivi des acquisitions d\u2019ouvrages propos\u00e9es par les biblioth\u00e8ques (statut SCN) et leur envoi par navette ou transporteur ;<\/li>\n\n\n\n<li class=\"has-medium-font-size\">organiser le Pr\u00eat Entre les Biblioth\u00e8ques du r\u00e9seau ;<\/li>\n\n\n\n<li class=\"has-medium-font-size\">participer \u00e0 l\u2019\u00e9change ou le dons d\u2019ouvrages entre les biblioth\u00e8ques.<\/li>\n<\/ul>\n\n\n\n<p class=\"has-medium-font-size\">Biblioth\u00e8ques d\u2019art et d\u2019histoire de l\u2019art, biblioth\u00e8ques d\u2019arch\u00e9ologie mais aussi biblioth\u00e8ques patrimoniales, d\u2019\u00e9tudes et de recherche, celles-ci documentent les collections des 25 mus\u00e9es nationaux inscrits dans ce r\u00e9seau.<\/p>\n\n\n\n<div class=\"wp-block-buttons is-layout-flex wp-block-buttons-is-layout-flex\">\n<div class=\"wp-block-button\"><a class=\"wp-block-button__link wp-element-button\" href=\"https:\/\/ccbmn.culture.gouv.fr\/\" target=\"_blank\" rel=\"noreferrer noopener\">Visiter le site du RBMN<\/a><\/div>\n<\/div>\n<\/details>\n\n\n\n<details class=\"wp-block-details is-layout-flow wp-block-details-is-layout-flow\"><summary>Les \u00e9tablissements hors r\u00e9seaux partenaires<\/summary>\n<ul class=\"wp-block-list\">\n<li class=\"has-medium-font-size\">Archives de la critique d\u2019art &#8211; Rennes <em>[partenaire r\u00e9seau BEAR]<\/em><\/li>\n\n\n\n<li class=\"has-medium-font-size\">Arts d\u00e9coratifs &#8211; Paris<\/li>\n\n\n\n<li class=\"has-medium-font-size\">Biblioth\u00e8que Forney &#8211; Paris<\/li>\n\n\n\n<li class=\"has-medium-font-size\">Biblioth\u00e8que nationale de France  \/ Service Art &#8211; Paris<\/li>\n\n\n\n<li class=\"has-medium-font-size\">Biblioth\u00e8que nationale et universitaire de Strasbourg &#8211; Strasbourg<\/li>\n\n\n\n<li class=\"has-medium-font-size\">Carr\u00e9 d&rsquo;Art &#8211; Mus\u00e9e d&rsquo;art contemporain &#8211; N\u00eemes <em>[partenaire r\u00e9seau BEAR]<\/em><\/li>\n\n\n\n<li class=\"has-medium-font-size\">Centre d&rsquo;Arts plastiques et visuels &#8211; Lille<\/li>\n\n\n\n<li class=\"has-medium-font-size\">Centre des livres d\u2019artistes &#8211; Saint-Yrieix-la-Perche<\/li>\n\n\n\n<li class=\"has-medium-font-size\">Centre des monuments nationaux &#8211; Paris<\/li>\n\n\n\n<li class=\"has-medium-font-size\">Centre Pompidou &#8211; Mus\u00e9e national d\u2019art moderne \/ Centre de cr\u00e9ation industrielle \u2013 Biblioth\u00e8que Kandinsky &#8211; Paris<\/li>\n\n\n\n<li class=\"has-medium-font-size\">Coll\u00e8ge de France &#8211; Paris<\/li>\n\n\n\n<li class=\"has-medium-font-size\">Deutsches Forum f\u00fcr Kunstgeschichte Paris \u2013 Centre allemand d\u2019histoire de l\u2019art Paris &#8211; Paris<\/li>\n\n\n\n<li class=\"has-medium-font-size\">\u00c9cole du Louvre &#8211; Paris<\/li>\n\n\n\n<li class=\"has-medium-font-size\">\u00c9cole nationale des chartes &#8211; PSL &#8211; Paris<\/li>\n\n\n\n<li class=\"has-medium-font-size\">Espace de l\u2019Art concret &#8211; Mouans-Sartoux<\/li>\n\n\n\n<li class=\"has-medium-font-size\">\u00c9tablissement Public Paris Mus\u00e9es &#8211; Paris<\/li>\n\n\n\n<li class=\"has-medium-font-size\">Fondation Custodia &#8211; Paris<\/li>\n\n\n\n<li class=\"has-medium-font-size\">Fonds r\u00e9gional d&rsquo;art contemporain Bretagne &#8211; Rennes <em>[Partenaire r\u00e9seau BEAR]<\/em><\/li>\n\n\n\n<li class=\"has-medium-font-size\">Fonds r\u00e9gional d&rsquo;art contemporain Picardie &#8211; Amiens <em>[Partenaire r\u00e9seau BEAR]<\/em><\/li>\n\n\n\n<li class=\"has-medium-font-size\">Institut national d\u2019histoire de l\u2019art &#8211; Paris<\/li>\n\n\n\n<li class=\"has-medium-font-size\">Institut pour la photographie &#8211; Lille<\/li>\n\n\n\n<li class=\"has-medium-font-size\">Lille M\u00e9tropole Mus\u00e9e d&rsquo;art moderne, d&rsquo;art contemporain et d&rsquo;art brut [LAM]- Villeneuve d&rsquo;Ascq<\/li>\n\n\n\n<li class=\"has-medium-font-size\">M\u00e9diath\u00e8que de la photographie et du patrimoine &#8211; Charenton-le-Pont<\/li>\n\n\n\n<li class=\"has-medium-font-size\">Mus\u00e9e Bonnat-Helleu &#8211; Bayonne<\/li>\n\n\n\n<li class=\"has-medium-font-size\">Mus\u00e9e d\u2019art contemporain du Val-de-Marne [MAC VAL] &#8211; Vitry-sur-Seine <em>[partenaire r\u00e9seau BEAR]<\/em><\/li>\n\n\n\n<li class=\"has-medium-font-size\">Mus\u00e9e d&rsquo;art et d&rsquo;histoire du Juda\u00efsme [MahJ] &#8211; Paris<\/li>\n\n\n\n<li class=\"has-medium-font-size\">Mus\u00e9e d\u2019Arts de Nantes &#8211; Nantes<\/li>\n\n\n\n<li class=\"has-medium-font-size\">Mus\u00e9e de Bretagne &#8211; Les Champs Libres &#8211; Rennes<\/li>\n\n\n\n<li class=\"has-medium-font-size\">Mus\u00e9e de l&rsquo;Arm\u00e9e &#8211; Paris<\/li>\n\n\n\n<li class=\"has-medium-font-size\">Mus\u00e9e de l&rsquo;Hospice Comtesse &#8211; Lille<\/li>\n\n\n\n<li class=\"has-medium-font-size\">Mus\u00e9e de la Poste &#8211; Paris<\/li>\n\n\n\n<li class=\"has-medium-font-size\">Mus\u00e9e d\u00e9partemental d\u2019art ancien et contemporain [MUDAAC] \u2013 \u00c9pinal<\/li>\n\n\n\n<li class=\"has-medium-font-size\">Mus\u00e9e des Beaux-Arts d\u2019Orl\u00e9ans &#8211; Orl\u00e9ans<\/li>\n\n\n\n<li class=\"has-medium-font-size\">Mus\u00e9e des Beaux-Arts de Reims &#8211; Reims<\/li>\n\n\n\n<li class=\"has-medium-font-size\">Mus\u00e9e des Beaux-Arts et d\u2019Arch\u00e9ologie de Besan\u00e7on &#8211; Besan\u00e7on<\/li>\n\n\n\n<li class=\"has-medium-font-size\">Mus\u00e9e du Grand Si\u00e8cle &#8211; Saint-Cloud<\/li>\n\n\n\n<li class=\"has-medium-font-size\">Mus\u00e9e du quai Branly \u2013 Jacques Chirac &#8211; Paris<\/li>\n\n\n\n<li class=\"has-medium-font-size\">Mus\u00e9e Fabre &#8211; M\u00e9tropole Montpellier M\u00e9diterran\u00e9e &#8211; Montpellier<\/li>\n\n\n\n<li class=\"has-medium-font-size\">Mus\u00e9e Rodin &#8211; Paris<\/li>\n\n\n\n<li class=\"has-medium-font-size\">Mus\u00e9es de la Ville de Nancy &#8211; Nancy<\/li>\n\n\n\n<li class=\"has-medium-font-size\">Mus\u00e9es de la Ville de Dunkerque &#8211; Dunkerque<\/li>\n\n\n\n<li class=\"has-medium-font-size\">Mus\u00e9es de Strasbourg &#8211; Strasbourg<\/li>\n\n\n\n<li class=\"has-medium-font-size\">Palais des Beaux-Arts &#8211; Lille<\/li>\n\n\n\n<li class=\"has-medium-font-size\">Terra Foundation for American Art<\/li>\n\n\n\n<li class=\"has-medium-font-size\">Universit\u00e9 de Lorraine &#8211; Studoth\u00e8que H\u00e9rodote &#8211; Nancy<\/li>\n\n\n\n<li class=\"has-medium-font-size\">Universit\u00e9 de Tours &#8211; Biblioth\u00e8que de sp\u00e9cialit\u00e9 d&rsquo;Histoire, d&rsquo;Histoire de l&rsquo;art &amp; d&rsquo;Arch\u00e9ologie &#8211; Tours<\/li>\n<\/ul>\n<\/details>\n\n\n\n<div class=\"wp-block-group alignfull is-style-section-1 has-base-background-color has-background has-global-padding is-layout-constrained wp-block-group-is-layout-constrained is-style-section-1--1\" style=\"margin-top:0;margin-bottom:0;padding-top:var(--wp--preset--spacing--40);padding-bottom:var(--wp--preset--spacing--40)\">\n<div class=\"wp-block-group is-content-justification-center is-layout-flex wp-container-core-group-is-layout-2c471116 wp-block-group-is-layout-flex\">\n<figure class=\"wp-block-image size-large is-resized\"><img loading=\"lazy\" decoding=\"async\" width=\"1024\" height=\"256\" src=\"https:\/\/bibart.inha.fr\/wp-content\/uploads\/2025\/03\/logo-archires-chemin-1024x256.png\" alt=\"\" class=\"wp-image-105\" style=\"aspect-ratio:1.3333333333333333;object-fit:contain;width:199px;height:auto\" srcset=\"https:\/\/portail.reseaubibart.inha.fr\/wp-content\/uploads\/2025\/03\/logo-archires-chemin-1024x256.png 1024w, https:\/\/portail.reseaubibart.inha.fr\/wp-content\/uploads\/2025\/03\/logo-archires-chemin-300x75.png 300w, https:\/\/portail.reseaubibart.inha.fr\/wp-content\/uploads\/2025\/03\/logo-archires-chemin-768x192.png 768w, https:\/\/portail.reseaubibart.inha.fr\/wp-content\/uploads\/2025\/03\/logo-archires-chemin-1536x384.png 1536w, https:\/\/portail.reseaubibart.inha.fr\/wp-content\/uploads\/2025\/03\/logo-archires-chemin-2048x512.png 2048w\" sizes=\"auto, (max-width: 1024px) 100vw, 1024px\" \/><\/figure>\n\n\n\n<figure class=\"wp-block-image size-full is-resized\"><img loading=\"lazy\" decoding=\"async\" width=\"1014\" height=\"1014\" src=\"https:\/\/bibart.inha.fr\/wp-content\/uploads\/2025\/03\/BEAR-logo-1.jpg\" alt=\"\" class=\"wp-image-113\" style=\"aspect-ratio:1.3333333333333333;object-fit:contain;width:145px;height:auto\" srcset=\"https:\/\/portail.reseaubibart.inha.fr\/wp-content\/uploads\/2025\/03\/BEAR-logo-1.jpg 1014w, https:\/\/portail.reseaubibart.inha.fr\/wp-content\/uploads\/2025\/03\/BEAR-logo-1-300x300.jpg 300w, https:\/\/portail.reseaubibart.inha.fr\/wp-content\/uploads\/2025\/03\/BEAR-logo-1-150x150.jpg 150w, https:\/\/portail.reseaubibart.inha.fr\/wp-content\/uploads\/2025\/03\/BEAR-logo-1-768x768.jpg 768w\" sizes=\"auto, (max-width: 1014px) 100vw, 1014px\" \/><\/figure>\n\n\n\n<figure class=\"wp-block-image size-large is-resized\"><img loading=\"lazy\" decoding=\"async\" width=\"1024\" height=\"344\" src=\"https:\/\/bibart.inha.fr\/wp-content\/uploads\/2025\/03\/RBMN_deploye-logo-1024x344.jpg\" alt=\"Logo RBMN\" class=\"wp-image-107\" style=\"aspect-ratio:1.3333333333333333;object-fit:contain;width:156px;height:auto\" srcset=\"https:\/\/portail.reseaubibart.inha.fr\/wp-content\/uploads\/2025\/03\/RBMN_deploye-logo-1024x344.jpg 1024w, https:\/\/portail.reseaubibart.inha.fr\/wp-content\/uploads\/2025\/03\/RBMN_deploye-logo-300x101.jpg 300w, https:\/\/portail.reseaubibart.inha.fr\/wp-content\/uploads\/2025\/03\/RBMN_deploye-logo-768x258.jpg 768w, https:\/\/portail.reseaubibart.inha.fr\/wp-content\/uploads\/2025\/03\/RBMN_deploye-logo-1536x516.jpg 1536w, https:\/\/portail.reseaubibart.inha.fr\/wp-content\/uploads\/2025\/03\/RBMN_deploye-logo.jpg 1698w\" sizes=\"auto, (max-width: 1024px) 100vw, 1024px\" \/><\/figure>\n<\/div>\n<\/div>\n","protected":false},"excerpt":{"rendered":"<p>Le r\u00e9seau des biblioth\u00e8ques d\u2019art et d\u2019histoire de l\u2019art est un r\u00e9seau professionnel rassemblant des biblioth\u00e8ques sp\u00e9cialis\u00e9es en histoire de l\u2019art, patrimoine et arch\u00e9ologie. Cr\u00e9\u00e9 en 2019, il rassemble plus de 130 \u00e9tablissements dans toute la France, soit plus de 300 professionnels. Il est compos\u00e9 de r\u00e9seaux partenaires (Archir\u00e8s, BEAR, RBMN) et de biblioth\u00e8ques hors [&hellip;]<\/p>\n","protected":false},"author":1,"featured_media":0,"parent":0,"menu_order":0,"comment_status":"closed","ping_status":"closed","template":"","meta":{"footnotes":""},"class_list":["post-103","page","type-page","status-publish","hentry"],"_links":{"self":[{"href":"https:\/\/portail.reseaubibart.inha.fr\/index.php?rest_route=\/wp\/v2\/pages\/103","targetHints":{"allow":["GET"]}}],"collection":[{"href":"https:\/\/portail.reseaubibart.inha.fr\/index.php?rest_route=\/wp\/v2\/pages"}],"about":[{"href":"https:\/\/portail.reseaubibart.inha.fr\/index.php?rest_route=\/wp\/v2\/types\/page"}],"author":[{"embeddable":true,"href":"https:\/\/portail.reseaubibart.inha.fr\/index.php?rest_route=\/wp\/v2\/users\/1"}],"replies":[{"embeddable":true,"href":"https:\/\/portail.reseaubibart.inha.fr\/index.php?rest_route=%2Fwp%2Fv2%2Fcomments&post=103"}],"version-history":[{"count":45,"href":"https:\/\/portail.reseaubibart.inha.fr\/index.php?rest_route=\/wp\/v2\/pages\/103\/revisions"}],"predecessor-version":[{"id":4652,"href":"https:\/\/portail.reseaubibart.inha.fr\/index.php?rest_route=\/wp\/v2\/pages\/103\/revisions\/4652"}],"wp:attachment":[{"href":"https:\/\/portail.reseaubibart.inha.fr\/index.php?rest_route=%2Fwp%2Fv2%2Fmedia&parent=103"}],"curies":[{"name":"wp","href":"https:\/\/api.w.org\/{rel}","templated":true}]}}