{"id":2526,"date":"2025-05-27T15:37:35","date_gmt":"2025-05-27T13:37:35","guid":{"rendered":"https:\/\/bibart.inha.fr\/?page_id=2526"},"modified":"2025-05-27T16:28:44","modified_gmt":"2025-05-27T14:28:44","slug":"rencontre-catalogueurs-2022","status":"publish","type":"page","link":"https:\/\/portail.reseaubibart.inha.fr\/?page_id=2526","title":{"rendered":"Rencontre des catalogueurs 2022"},"content":{"rendered":"\n<h2 class=\"wp-block-heading\">Consulter les supports de pr\u00e9sentation<\/h2>\n\n\n\n<h3 class=\"wp-block-heading\">Actualit\u00e9s des \u00e9tablissements du r\u00e9seau<\/h3>\n\n\n\n<div class=\"wp-block-columns is-layout-flex wp-container-core-columns-is-layout-28f84493 wp-block-columns-is-layout-flex\">\n<div class=\"wp-block-column is-layout-flow wp-block-column-is-layout-flow\">\n<p class=\"has-medium-font-size\"><strong>R\u00e9seau des Biblioth\u00e8ques des Mus\u00e9es Nationaux : 2023, un nouvel SIGB pour le R\u00e9seau des Biblioth\u00e8ques des Mus\u00e9es Nationaux<\/strong><\/p>\n\n\n\n<p class=\"has-medium-font-size\">Pascale Gillet (responsable gestion fonctionnelle du Catalogue Collectif des Biblioth\u00e8ques des Mus\u00e9es Nationaux-C2RMF)<br><a href=\"https:\/\/bibart.inha.fr\/wp-content\/uploads\/2025\/03\/Presentation-Pascale-Gillet1.pdf\">Support de Pascale Gillet (PDF, 1,20 Mo)<\/a><\/p>\n<\/div>\n\n\n\n<div class=\"wp-block-column is-layout-flow wp-block-column-is-layout-flow\">\n<p class=\"has-medium-font-size\"><strong>Biblioth\u00e8que Kandinsky : Projet SIBK, refonte du syst\u00e8me d\u2019information documentaire de la Biblioth\u00e8que Kandinsky<\/strong><\/p>\n\n\n\n<p class=\"has-medium-font-size\">Sonia Descamps (responsable P\u00f4le ing\u00e9nierie documentaire- Biblioth\u00e8que Kandinsky)<br><a href=\"https:\/\/bibart.inha.fr\/wp-content\/uploads\/2025\/03\/Presentation-Sonia-Descamps1.pdf\">Support de Sonia Descamps (PDF, 619 Ko)<\/a><\/p>\n<\/div>\n\n\n\n<div class=\"wp-block-column is-layout-flow wp-block-column-is-layout-flow\">\n<p class=\"has-medium-font-size\"><strong>Institut national d\u2019histoire de l\u2019art : Les pratiques d\u2019indexation Calames \u00e0 la biblioth\u00e8que de l\u2019INHA<\/strong><\/p>\n\n\n\n<p class=\"has-medium-font-size\">Guy Mayaud (responsable archives et accueil des chercheurs &#8211; Service Patrimoine &#8211; INHA)<br><a href=\"https:\/\/bibart.inha.fr\/wp-content\/uploads\/2025\/03\/Sonia-Descamps.pdf\">Support de Guy Mayaud (PDF, 1,43 Mo)<\/a><\/p>\n<\/div>\n<\/div>\n\n\n\n<h3 class=\"wp-block-heading\">Comment forme-t-on au langage RAMEAU ?<\/h3>\n\n\n\n<div class=\"wp-block-columns is-layout-flex wp-container-core-columns-is-layout-28f84493 wp-block-columns-is-layout-flex\">\n<div class=\"wp-block-column is-layout-flow wp-block-column-is-layout-flow\">\n<p class=\"has-medium-font-size\">Claudine Quillivic (Cheffe Service Donn\u00e9es et acc\u00e8s-D\u00e9partement Lire Le Monde-Biblioth\u00e8que publique d\u2019information) et Karine Meneghetti (Biblioth\u00e9caire assistante sp\u00e9cialis\u00e9e-Service Donn\u00e9es et acc\u00e8s- D\u00e9partement Lire Le Monde-Biblioth\u00e8que publique d\u2019information)<br><a href=\"https:\/\/bibart.inha.fr\/wp-content\/uploads\/2025\/03\/Comment-forme-t-on-au-langage-RAMEAU1.pdf\">Support de Claudine Quillivic et Karine Meneghetti (PDF, 1,79 Mo))<\/a><\/p>\n<\/div>\n<\/div>\n\n\n\n<h3 class=\"wp-block-heading\">L\u2019indexation avec le th\u00e9sauraus ArchiR\u00e8s, ses sp\u00e9cificit\u00e9s, sa pertinence et ses limites \u00e0 l\u2019\u00e8re du num\u00e9rique<\/h3>\n\n\n\n<div class=\"wp-block-columns is-layout-flex wp-container-core-columns-is-layout-28f84493 wp-block-columns-is-layout-flex\">\n<div class=\"wp-block-column is-layout-flow wp-block-column-is-layout-flow\">\n<p class=\"has-medium-font-size\">Claire-Chantal Fouquet (responsable du centre de documentation-\u00c9cole nationale sup\u00e9rieure d\u2019architecture de Bretagne \/ co-coordinatrice R\u00e9seau ArchiR\u00e8s) et Florian Descamps (responsable du centre de documentation-\u00c9cole nationale sup\u00e9rieure d\u2019architecture de Nancy)<br><a href=\"https:\/\/bibart.inha.fr\/wp-content\/uploads\/2025\/03\/Indexation-avec-thesaurus-ArchiRes1.pdf\">Support de Claire-Chantal Fouquet et Florian Descamps (PDF, 1,09 Mo)<\/a><\/p>\n<\/div>\n<\/div>\n\n\n\n<h2 class=\"wp-block-heading\">Programme de la rencontre<\/h2>\n\n\n\n<div data-wp-interactive=\"core\/file\" class=\"wp-block-file\"><object data-wp-bind--hidden=\"!state.hasPdfPreview\" hidden class=\"wp-block-file__embed\" data=\"https:\/\/bibart.inha.fr\/wp-content\/uploads\/2025\/03\/2022-Programme-rencontre-catalogueurs.pdf\" type=\"application\/pdf\" style=\"width:100%;height:600px\" aria-label=\"Contenu embarqu\u00e9 2022 Programme rencontre catalogueurs.\"><\/object><a id=\"wp-block-file--media-45b2a87a-a68b-4f4a-af99-9dd8d1827174\" href=\"https:\/\/bibart.inha.fr\/wp-content\/uploads\/2025\/03\/2022-Programme-rencontre-catalogueurs.pdf\">2022 Programme rencontre catalogueurs<\/a><a href=\"https:\/\/bibart.inha.fr\/wp-content\/uploads\/2025\/03\/2022-Programme-rencontre-catalogueurs.pdf\" class=\"wp-block-file__button wp-element-button\" download aria-describedby=\"wp-block-file--media-45b2a87a-a68b-4f4a-af99-9dd8d1827174\">T\u00e9l\u00e9charger<\/a><\/div>\n","protected":false},"excerpt":{"rendered":"<p>Consulter les supports de pr\u00e9sentation Actualit\u00e9s des \u00e9tablissements du r\u00e9seau R\u00e9seau des Biblioth\u00e8ques des Mus\u00e9es Nationaux : 2023, un nouvel SIGB pour le R\u00e9seau des Biblioth\u00e8ques des Mus\u00e9es Nationaux Pascale Gillet (responsable gestion fonctionnelle du Catalogue Collectif des Biblioth\u00e8ques des Mus\u00e9es Nationaux-C2RMF)Support de Pascale Gillet (PDF, 1,20 Mo) Biblioth\u00e8que Kandinsky : Projet SIBK, refonte du [&hellip;]<\/p>\n","protected":false},"author":1,"featured_media":0,"parent":142,"menu_order":0,"comment_status":"closed","ping_status":"closed","template":"","meta":{"footnotes":""},"class_list":["post-2526","page","type-page","status-publish","hentry"],"_links":{"self":[{"href":"https:\/\/portail.reseaubibart.inha.fr\/index.php?rest_route=\/wp\/v2\/pages\/2526","targetHints":{"allow":["GET"]}}],"collection":[{"href":"https:\/\/portail.reseaubibart.inha.fr\/index.php?rest_route=\/wp\/v2\/pages"}],"about":[{"href":"https:\/\/portail.reseaubibart.inha.fr\/index.php?rest_route=\/wp\/v2\/types\/page"}],"author":[{"embeddable":true,"href":"https:\/\/portail.reseaubibart.inha.fr\/index.php?rest_route=\/wp\/v2\/users\/1"}],"replies":[{"embeddable":true,"href":"https:\/\/portail.reseaubibart.inha.fr\/index.php?rest_route=%2Fwp%2Fv2%2Fcomments&post=2526"}],"version-history":[{"count":4,"href":"https:\/\/portail.reseaubibart.inha.fr\/index.php?rest_route=\/wp\/v2\/pages\/2526\/revisions"}],"predecessor-version":[{"id":2548,"href":"https:\/\/portail.reseaubibart.inha.fr\/index.php?rest_route=\/wp\/v2\/pages\/2526\/revisions\/2548"}],"up":[{"embeddable":true,"href":"https:\/\/portail.reseaubibart.inha.fr\/index.php?rest_route=\/wp\/v2\/pages\/142"}],"wp:attachment":[{"href":"https:\/\/portail.reseaubibart.inha.fr\/index.php?rest_route=%2Fwp%2Fv2%2Fmedia&parent=2526"}],"curies":[{"name":"wp","href":"https:\/\/api.w.org\/{rel}","templated":true}]}}