{"id":398,"date":"2025-03-13T16:01:44","date_gmt":"2025-03-13T15:01:44","guid":{"rendered":"https:\/\/bibart.inha.fr\/?page_id=398"},"modified":"2025-11-19T17:15:22","modified_gmt":"2025-11-19T16:15:22","slug":"bibliotheques-numeriques","status":"publish","type":"page","link":"https:\/\/portail.reseaubibart.inha.fr\/?page_id=398","title":{"rendered":"Biblioth\u00e8ques num\u00e9riques"},"content":{"rendered":"\n<p class=\"has-accent-5-background-color has-background has-medium-font-size\"><em>D\u00e9couvrez notre s\u00e9lection de biblioth\u00e8ques num\u00e9riques de r\u00e9f\u00e9rence propos\u00e9e par les biblioth\u00e9caires du r\u00e9seau<\/em><\/p>\n\n\n\n\n\n<hr class=\"wp-block-separator has-alpha-channel-opacity\"\/>\n\n\n\n<h2 class=\"wp-block-heading\">France<\/h2>\n\n\n\n<ul class=\"wp-block-list\">\n<li style=\"font-size:clamp(14.642px, 0.915rem + ((1vw - 3.2px) * 0.721), 22px);\"><a href=\"https:\/\/bibliotheques-specialisees.paris.fr\/\"><strong>Collections num\u00e9ris\u00e9es des biblioth\u00e8ques patrimoniales  de la Ville de Paris<\/strong><\/a> : Biblioth\u00e8que num\u00e9rique des biblioth\u00e8ques sp\u00e9cialis\u00e9es et patrimoniales de la ville de Paris<\/li>\n\n\n\n<li><strong><a href=\"https:\/\/bibliotheque-numerique.inha.fr\/\">Cariatide<\/a><\/strong> : Biblioth\u00e8que num\u00e9rique de l&rsquo;Institut national d&rsquo;histoire de l&rsquo;art (INHA)<\/li>\n\n\n\n<li><strong><a href=\"https:\/\/gallica.bnf.fr\/accueil\/fr\/html\/accueil-fr\">Gallica<\/a><\/strong> : Biblioth\u00e8que num\u00e9rique de la Biblioth\u00e8que nationale de France (BnF)<\/li>\n<\/ul>\n\n\n\n<hr class=\"wp-block-separator has-alpha-channel-opacity\"\/>\n\n\n\n<h2 class=\"wp-block-heading\">\u00c9tranger<\/h2>\n\n\n\n<ul class=\"wp-block-list\">\n<li class=\"has-large-font-size\"><a href=\"https:\/\/www.europeana.eu\/fr\" data-type=\"link\" data-id=\"https:\/\/www.europeana.eu\/fr\"><strong>Europeana<\/strong><\/a> : Plateforme num\u00e9rique europ\u00e9enne donnant acc\u00e8s aux ressources num\u00e9riques des institutions culturelles de l&rsquo;Union europ\u00e9enne<\/li>\n\n\n\n<li><strong><a href=\"https:\/\/www.ub.uni-heidelberg.de\/en\/service\/digitale-bibliothek\">Heidelberg Digital Library<\/a><\/strong> : Biblioth\u00e8que num\u00e9rique de l&rsquo;Universit\u00e9 d&rsquo;Heidelberg en Allemagne.<\/li>\n\n\n\n<li><strong><a href=\"https:\/\/archive.org\/\">Internet Archive<\/a><\/strong> : organisme non lucratif \u00e9tats-unien \u0153uvrant \u00e0 l&rsquo;archivage du web et proposant une large offre d&rsquo;ouvrages et autres ressources num\u00e9ris\u00e9es<\/li>\n\n\n\n<li><strong><a href=\"https:\/\/courtauld.ac.uk\/online-collections\/\">The Courtauld<\/a><\/strong> : Biblioth\u00e8que num\u00e9rique de l&rsquo;Institut Courtauld de Londres sp\u00e9cialis\u00e9e dans l&rsquo;\u00e9tude de l&rsquo;histoire de l&rsquo;art<\/li>\n\n\n\n<li><strong><a href=\"https:\/\/www.loc.gov\/collections\/world-digital-library\/\">World Digital Library <\/a><\/strong>: Biblioth\u00e8que num\u00e9rique internationale g\u00e9r\u00e9e par l&rsquo;UNESCO et la biblioth\u00e8que du Congr\u00e8s des \u00c9tats-Unis <\/li>\n<\/ul>\n\n\n\n<hr class=\"wp-block-separator has-alpha-channel-opacity\"\/>\n\n\n\n<div class=\"wp-block-group alignfull has-global-padding is-layout-constrained wp-container-core-group-is-layout-54af5b55 wp-block-group-is-layout-constrained\" style=\"margin-top:0;margin-bottom:0;padding-top:var(--wp--preset--spacing--60);padding-bottom:var(--wp--preset--spacing--60)\">\n<h2 class=\"wp-block-heading alignwide has-text-align-center has-x-large-font-size\">Parcourir les autres guides th\u00e9matiques<\/h2>\n\n\n\n<div class=\"wp-block-buttons alignwide has-custom-font-size has-medium-font-size is-content-justification-center is-layout-flex wp-container-core-buttons-is-layout-c124d1c4 wp-block-buttons-is-layout-flex\">\n<div class=\"wp-block-button\"><a class=\"wp-block-button__link wp-element-button\" href=\"https:\/\/portail.reseaubibart.inha.fr\/?page_id=390\">R\u00e9f\u00e9rences<\/a><\/div>\n\n\n\n<div class=\"wp-block-button\"><a class=\"wp-block-button__link wp-element-button\" href=\"https:\/\/portail.reseaubibart.inha.fr\/?page_id=394\">Bases de donn\u00e9es sp\u00e9cialis\u00e9es<\/a><\/div>\n\n\n\n<div class=\"wp-block-button\"><a class=\"wp-block-button__link wp-element-button\" href=\"https:\/\/portail.reseaubibart.inha.fr\/?page_id=401\">Autres ressources en ligne<\/a><\/div>\n<\/div>\n\n\n\n<p class=\"has-text-align-center has-medium-font-size\"><\/p>\n<\/div>\n","protected":false},"excerpt":{"rendered":"<p>D\u00e9couvrez notre s\u00e9lection de biblioth\u00e8ques num\u00e9riques de r\u00e9f\u00e9rence propos\u00e9e par les biblioth\u00e9caires du r\u00e9seau France \u00c9tranger Parcourir les autres guides th\u00e9matiques<\/p>\n","protected":false},"author":1,"featured_media":0,"parent":382,"menu_order":2,"comment_status":"closed","ping_status":"closed","template":"","meta":{"footnotes":""},"class_list":["post-398","page","type-page","status-publish","hentry"],"_links":{"self":[{"href":"https:\/\/portail.reseaubibart.inha.fr\/index.php?rest_route=\/wp\/v2\/pages\/398","targetHints":{"allow":["GET"]}}],"collection":[{"href":"https:\/\/portail.reseaubibart.inha.fr\/index.php?rest_route=\/wp\/v2\/pages"}],"about":[{"href":"https:\/\/portail.reseaubibart.inha.fr\/index.php?rest_route=\/wp\/v2\/types\/page"}],"author":[{"embeddable":true,"href":"https:\/\/portail.reseaubibart.inha.fr\/index.php?rest_route=\/wp\/v2\/users\/1"}],"replies":[{"embeddable":true,"href":"https:\/\/portail.reseaubibart.inha.fr\/index.php?rest_route=%2Fwp%2Fv2%2Fcomments&post=398"}],"version-history":[{"count":23,"href":"https:\/\/portail.reseaubibart.inha.fr\/index.php?rest_route=\/wp\/v2\/pages\/398\/revisions"}],"predecessor-version":[{"id":4493,"href":"https:\/\/portail.reseaubibart.inha.fr\/index.php?rest_route=\/wp\/v2\/pages\/398\/revisions\/4493"}],"up":[{"embeddable":true,"href":"https:\/\/portail.reseaubibart.inha.fr\/index.php?rest_route=\/wp\/v2\/pages\/382"}],"wp:attachment":[{"href":"https:\/\/portail.reseaubibart.inha.fr\/index.php?rest_route=%2Fwp%2Fv2%2Fmedia&parent=398"}],"curies":[{"name":"wp","href":"https:\/\/api.w.org\/{rel}","templated":true}]}}