{"id":708,"date":"2025-03-26T17:08:49","date_gmt":"2025-03-26T16:08:49","guid":{"rendered":"https:\/\/bibart.inha.fr\/?page_id=708"},"modified":"2025-10-08T16:12:31","modified_gmt":"2025-10-08T14:12:31","slug":"captations-de-la-rencontre-bibart-du-19-mai-2022","status":"publish","type":"page","link":"https:\/\/portail.reseaubibart.inha.fr\/?page_id=708","title":{"rendered":"Rencontre BibArt 2022"},"content":{"rendered":"\n<h2 class=\"wp-block-heading alignwide has-text-align-left is-style-text-subtitle has-x-large-font-size is-style-text-subtitle--1\">Visionner les interventions<\/h2>\n\n\n\n<div class=\"wp-block-group alignfull has-global-padding is-layout-constrained wp-container-core-group-is-layout-ebee8dc1 wp-block-group-is-layout-constrained\" style=\"margin-top:0;margin-bottom:0;padding-top:var(--wp--preset--spacing--50);padding-bottom:var(--wp--preset--spacing--50)\">\n<div class=\"wp-block-group alignwide is-layout-grid wp-container-core-group-is-layout-1ce758a5 wp-block-group-is-layout-grid\">\n<figure class=\"wp-block-embed is-type-video is-provider-youtube wp-block-embed-youtube wp-embed-aspect-16-9 wp-has-aspect-ratio\"><div class=\"wp-block-embed__wrapper\">\n<iframe loading=\"lazy\" title=\"Journ\u00e9e d&#039;\u00e9tudes | Rencontre des biblioth\u00e8ques d\u2019histoire de l\u2019art et d\u2019arch\u00e9ologie (1\/9)\" width=\"500\" height=\"281\" src=\"https:\/\/www.youtube.com\/embed\/9BQpIW3TXKo?feature=oembed\" frameborder=\"0\" allow=\"accelerometer; autoplay; clipboard-write; encrypted-media; gyroscope; picture-in-picture; web-share\" referrerpolicy=\"strict-origin-when-cross-origin\" allowfullscreen><\/iframe>\n<\/div><figcaption class=\"wp-element-caption\"><strong>Pr\u00e9sentation et actualit\u00e9 du r\u00e9seau des biblioth\u00e8ques des mus\u00e9es nationaux (RBMN)<\/strong><br>Val\u00e9rie Chanut-Humbert (responsable du r\u00e9seau des biblioth\u00e8ques des mus\u00e9es nationaux, Centre de recherche et de restauration des mus\u00e9es de France)<br><a href=\"https:\/\/bibart.inha.fr\/wp-content\/uploads\/2025\/03\/VALERIE-CHANUT-HUMBERT_support.pdf\">Support de Val\u00e9rie Chanut-Humbert (PDF, 409 Ko)<\/a><br><br><br><br><\/figcaption><\/figure>\n\n\n\n<figure class=\"wp-block-embed is-type-video is-provider-youtube wp-block-embed-youtube wp-embed-aspect-16-9 wp-has-aspect-ratio\"><div class=\"wp-block-embed__wrapper\">\n<iframe loading=\"lazy\" title=\"Journ\u00e9e d&#039;\u00e9tudes | Rencontre des biblioth\u00e8ques d\u2019histoire de l\u2019art et d\u2019arch\u00e9ologie (2\/9)\" width=\"500\" height=\"281\" src=\"https:\/\/www.youtube.com\/embed\/qcY8uYxACy8?feature=oembed\" frameborder=\"0\" allow=\"accelerometer; autoplay; clipboard-write; encrypted-media; gyroscope; picture-in-picture; web-share\" referrerpolicy=\"strict-origin-when-cross-origin\" allowfullscreen><\/iframe>\n<\/div><figcaption class=\"wp-element-caption\"><strong>Pr\u00e9sentation et actualit\u00e9 du r\u00e9seau des biblioth\u00e8ques des \u00e9coles d\u2019art (BEAR)<\/strong><br>C\u00e9cile Liger (Co-pr\u00e9sidente de l\u2019association BEAR, responsable de la biblioth\u00e8que de l\u2019ENSA de Bourges), Corinne Vallin (Copr\u00e9sidente de l\u2019association BEAR, responsable de la biblioth\u00e8que de l\u2019ENSBA de Lyon), Christophe Thomas (secr\u00e9taire de l\u2019association BEAR, responsable de l\u2019informatique documentaire et du fonds audiovisuel de l\u2019ENSAD), C\u00e9cile Kerjan (tr\u00e9sori\u00e8re de l\u2019association BEAR, responsable de la valorisation : biblioth\u00e8que, communication et suivi professionnel de l\u2019EESAB site de Rennes \u2013 sites de Brest \u2013 Lorient \u2013 Quimper &#8211; Rennes)<br><a href=\"https:\/\/bibart.inha.fr\/wp-content\/uploads\/2025\/03\/BEAR_intervention_INHA_2019_compressed.pdf\">Support de C\u00e9cile Liger, Corinne Vallin, Christophe Thomas et C\u00e9cile Kerjan (PDF, 1125 Ko)<\/a><\/figcaption><\/figure>\n\n\n\n<figure class=\"wp-block-embed is-type-video is-provider-youtube wp-block-embed-youtube wp-embed-aspect-16-9 wp-has-aspect-ratio\"><div class=\"wp-block-embed__wrapper\">\n<iframe loading=\"lazy\" title=\"Journ\u00e9e d&#039;\u00e9tudes | Rencontre des biblioth\u00e8ques d\u2019histoire de l\u2019art et d\u2019arch\u00e9ologie (3\/9)\" width=\"500\" height=\"281\" src=\"https:\/\/www.youtube.com\/embed\/AymkzvmTIwY?feature=oembed\" frameborder=\"0\" allow=\"accelerometer; autoplay; clipboard-write; encrypted-media; gyroscope; picture-in-picture; web-share\" referrerpolicy=\"strict-origin-when-cross-origin\" allowfullscreen><\/iframe>\n<\/div><figcaption class=\"wp-element-caption\"><strong>Pr\u00e9sentation et actualit\u00e9 de la biblioth\u00e8que de l\u2019Institut national d\u2019histoire de l\u2019art<\/strong><br>Anne-Elisabeth Buxtorf (directrice du D\u00e9partement de la biblioth\u00e8que et de la documentation de l\u2019INHA)<br><a href=\"https:\/\/bibart.inha.fr\/wp-content\/uploads\/2025\/03\/Anne-Elisabeth-Buxtorf_compressed.pdf\">Support d&rsquo;Anne-Elisabeth Buxtorf (PDF, 1001 Ko)<\/a><\/figcaption><\/figure>\n\n\n\n<figure class=\"wp-block-embed is-type-video is-provider-youtube wp-block-embed-youtube wp-embed-aspect-16-9 wp-has-aspect-ratio\"><div class=\"wp-block-embed__wrapper\">\n<iframe loading=\"lazy\" title=\"Journ\u00e9e d&#039;\u00e9tudes | Rencontre des biblioth\u00e8ques d\u2019histoire de l\u2019art et d\u2019arch\u00e9ologie (4\/9)\" width=\"500\" height=\"281\" src=\"https:\/\/www.youtube.com\/embed\/-vuMgN3PLlc?feature=oembed\" frameborder=\"0\" allow=\"accelerometer; autoplay; clipboard-write; encrypted-media; gyroscope; picture-in-picture; web-share\" referrerpolicy=\"strict-origin-when-cross-origin\" allowfullscreen><\/iframe>\n<\/div><figcaption class=\"wp-element-caption\"><strong>Pr\u00e9sentation de l\u2019outil de d\u00e9couverte Summon<\/strong><br>Dominique Filippi (chef du service de l\u2019informatique documentaire et num\u00e9risation, D\u00e9partement de la biblioth\u00e8que et de la documentation de l\u2019INHA)<\/figcaption><\/figure>\n\n\n\n<figure class=\"wp-block-embed is-type-video is-provider-youtube wp-block-embed-youtube wp-embed-aspect-16-9 wp-has-aspect-ratio\"><div class=\"wp-block-embed__wrapper\">\n<iframe loading=\"lazy\" title=\"Journ\u00e9e d&#039;\u00e9tudes | Rencontre des biblioth\u00e8ques d\u2019histoire de l\u2019art et d\u2019arch\u00e9ologie (5\/9)\" width=\"500\" height=\"281\" src=\"https:\/\/www.youtube.com\/embed\/wE_HIdDNx2s?feature=oembed\" frameborder=\"0\" allow=\"accelerometer; autoplay; clipboard-write; encrypted-media; gyroscope; picture-in-picture; web-share\" referrerpolicy=\"strict-origin-when-cross-origin\" allowfullscreen><\/iframe>\n<\/div><figcaption class=\"wp-element-caption\"><strong>Pr\u00e9sentation de l\u2019actualit\u00e9 du d\u00e9partement des \u00e9tudes et de la recherche de l\u2019Institut national d\u2019histoire de l\u2019art<\/strong><br>Elitza Dulguerova (conseill\u00e8re scientifique section Histoire de l&rsquo;art du XVIIIe au XXIe si\u00e8cle, d\u00e9partement des \u00e9tudes et de la recherche de l&rsquo;INHA)<br><a href=\"https:\/\/bibart.inha.fr\/wp-content\/uploads\/2025\/03\/Elitza-Dulguerova_support_compressed.pdf\">Support d&rsquo;Elitza Dulguerova (PDF, 1363 Ko)<\/a><\/figcaption><\/figure>\n\n\n\n<figure class=\"wp-block-embed is-type-video is-provider-youtube wp-block-embed-youtube wp-embed-aspect-16-9 wp-has-aspect-ratio\"><div class=\"wp-block-embed__wrapper\">\n<iframe loading=\"lazy\" title=\"Journ\u00e9e d&#039;\u00e9tudes | Rencontre des biblioth\u00e8ques d\u2019histoire de l\u2019art et d\u2019arch\u00e9ologie (6\/9)\" width=\"500\" height=\"281\" src=\"https:\/\/www.youtube.com\/embed\/CtC3sU0xCsw?feature=oembed\" frameborder=\"0\" allow=\"accelerometer; autoplay; clipboard-write; encrypted-media; gyroscope; picture-in-picture; web-share\" referrerpolicy=\"strict-origin-when-cross-origin\" allowfullscreen><\/iframe>\n<\/div><figcaption class=\"wp-element-caption\"><strong>Pr\u00e9sentation de la base AGORHA<\/strong><br>Pierre-Yves Laborde (Charg\u00e9 de ressources documentaires, Cellule ing\u00e9nierie documentaire, D\u00e9partement des \u00e9tudes et de la recherche de l\u2019INHA)<br><a href=\"https:\/\/bibart.inha.fr\/wp-content\/uploads\/2025\/03\/Pierre-Yves-Laborde_support_compressed-1.zip\">Support de Pierre-Yves Laborde (PDF zip, 1945 Ko)<\/a><br><a href=\"https:\/\/bibart.inha.fr\/wp-content\/uploads\/2025\/03\/P-Y-Laborde_Texte.pdf\">Texte de Pierre-Yves Laborde (PDF, 521 Ko)<\/a><br><\/figcaption><\/figure>\n\n\n\n<figure class=\"wp-block-embed is-type-video is-provider-youtube wp-block-embed-youtube wp-embed-aspect-16-9 wp-has-aspect-ratio\"><div class=\"wp-block-embed__wrapper\">\n<iframe loading=\"lazy\" title=\"Journ\u00e9e d&#039;\u00e9tudes | Rencontre des biblioth\u00e8ques d\u2019histoire de l\u2019art et d\u2019arch\u00e9ologie (7\/9)\" width=\"500\" height=\"281\" src=\"https:\/\/www.youtube.com\/embed\/pQcpHH9VlKo?feature=oembed\" frameborder=\"0\" allow=\"accelerometer; autoplay; clipboard-write; encrypted-media; gyroscope; picture-in-picture; web-share\" referrerpolicy=\"strict-origin-when-cross-origin\" allowfullscreen><\/iframe>\n<\/div><figcaption class=\"wp-element-caption\"><strong>Pr\u00e9sentation et actualit\u00e9 de la section des biblioth\u00e8ques d\u2019art de l\u2019IFLA<\/strong><br>Lucile Trunel (directrice de la biblioth\u00e8que Forney, membre du comit\u00e9 de la section biblioth\u00e8ques d\u2019art de l\u2019IFLA)<br><a href=\"https:\/\/bibart.inha.fr\/wp-content\/uploads\/2025\/03\/Lucile-Trunel_support.pdf\">Support de Lucile Trunel (PDF, 774 Ko)<\/a><\/figcaption><\/figure>\n\n\n\n<figure class=\"wp-block-embed is-type-video is-provider-youtube wp-block-embed-youtube wp-embed-aspect-16-9 wp-has-aspect-ratio\"><div class=\"wp-block-embed__wrapper\">\n<iframe loading=\"lazy\" title=\"Journ\u00e9e d&#039;\u00e9tudes | Rencontre des biblioth\u00e8ques d\u2019histoire de l\u2019art et d\u2019arch\u00e9ologie (8\/9)\" width=\"500\" height=\"281\" src=\"https:\/\/www.youtube.com\/embed\/4JR8HQFKJo0?feature=oembed\" frameborder=\"0\" allow=\"accelerometer; autoplay; clipboard-write; encrypted-media; gyroscope; picture-in-picture; web-share\" referrerpolicy=\"strict-origin-when-cross-origin\" allowfullscreen><\/iframe>\n<\/div><figcaption class=\"wp-element-caption\"><strong>Pr\u00e9sentation et actualit\u00e9 du r\u00e9seau des biblioth\u00e8ques sp\u00e9cialis\u00e9es et de mus\u00e9es de la ville de Paris<\/strong><br>Anne-Laure Charrier (responsable du service Collections imprim\u00e9es et des pr\u00eats \u00e0 la biblioth\u00e8que Forney)<br><a href=\"https:\/\/bibart.inha.fr\/wp-content\/uploads\/2025\/03\/Anne-Laure-Charrier_support.pdf\">Support d&rsquo;Anne-Laure Charrier (PDF, 1491 Ko)<\/a><\/figcaption><\/figure>\n\n\n\n<figure class=\"wp-block-embed is-type-video is-provider-youtube wp-block-embed-youtube wp-embed-aspect-16-9 wp-has-aspect-ratio\"><div class=\"wp-block-embed__wrapper\">\n<iframe loading=\"lazy\" title=\"Journ\u00e9e d&#039;\u00e9tudes | Rencontre des biblioth\u00e8ques d\u2019histoire de l\u2019art et d\u2019arch\u00e9ologie (9\/9)\" width=\"500\" height=\"281\" src=\"https:\/\/www.youtube.com\/embed\/OOLXC9MqHGc?feature=oembed\" frameborder=\"0\" allow=\"accelerometer; autoplay; clipboard-write; encrypted-media; gyroscope; picture-in-picture; web-share\" referrerpolicy=\"strict-origin-when-cross-origin\" allowfullscreen><\/iframe>\n<\/div><figcaption class=\"wp-element-caption\"><strong>Pr\u00e9sentation et actualit\u00e9 du Catalogue collectif de France (CCFr) et enjeux de la cartographie documentaire<\/strong><br>V\u00e9ronique Falconnet (cheffe de service du Catalogue collectif de France, D\u00e9partement de la coop\u00e9ration de la BnF)<br><a href=\"https:\/\/bibart.inha.fr\/wp-content\/uploads\/2025\/03\/Veronique-Falconnet_support_compressed.pdf\">Support de V\u00e9ronique Falconnet (PDF, 1420 Ko)<\/a><\/figcaption><\/figure>\n<\/div>\n<\/div>\n\n\n\n<h2 class=\"wp-block-heading\">Programme de la rencontre<\/h2>\n\n\n\n<div data-wp-interactive=\"core\/file\" class=\"wp-block-file\"><object data-wp-bind--hidden=\"!state.hasPdfPreview\" hidden class=\"wp-block-file__embed\" data=\"https:\/\/bibart.inha.fr\/wp-content\/uploads\/2025\/03\/2019_JE_rencontre_bibli_programmeA5-1.pdf\" type=\"application\/pdf\" style=\"width:100%;height:600px\" aria-label=\"Contenu embarqu\u00e9 2019_JE_rencontre_bibli_programmeA5.\"><\/object><a id=\"wp-block-file--media-472f98b3-b7c1-435b-87a9-f459ff0a6535\" href=\"https:\/\/bibart.inha.fr\/wp-content\/uploads\/2025\/03\/2019_JE_rencontre_bibli_programmeA5-1.pdf\">2019_JE_rencontre_bibli_programmeA5<\/a><a href=\"https:\/\/bibart.inha.fr\/wp-content\/uploads\/2025\/03\/2019_JE_rencontre_bibli_programmeA5-1.pdf\" class=\"wp-block-file__button wp-element-button\" download aria-describedby=\"wp-block-file--media-472f98b3-b7c1-435b-87a9-f459ff0a6535\">T\u00e9l\u00e9charger<\/a><\/div>\n","protected":false},"excerpt":{"rendered":"<p>Visionner les interventions Programme de la rencontre<\/p>\n","protected":false},"author":1,"featured_media":0,"parent":142,"menu_order":3,"comment_status":"closed","ping_status":"closed","template":"","meta":{"footnotes":""},"class_list":["post-708","page","type-page","status-publish","hentry"],"_links":{"self":[{"href":"https:\/\/portail.reseaubibart.inha.fr\/index.php?rest_route=\/wp\/v2\/pages\/708","targetHints":{"allow":["GET"]}}],"collection":[{"href":"https:\/\/portail.reseaubibart.inha.fr\/index.php?rest_route=\/wp\/v2\/pages"}],"about":[{"href":"https:\/\/portail.reseaubibart.inha.fr\/index.php?rest_route=\/wp\/v2\/types\/page"}],"author":[{"embeddable":true,"href":"https:\/\/portail.reseaubibart.inha.fr\/index.php?rest_route=\/wp\/v2\/users\/1"}],"replies":[{"embeddable":true,"href":"https:\/\/portail.reseaubibart.inha.fr\/index.php?rest_route=%2Fwp%2Fv2%2Fcomments&post=708"}],"version-history":[{"count":4,"href":"https:\/\/portail.reseaubibart.inha.fr\/index.php?rest_route=\/wp\/v2\/pages\/708\/revisions"}],"predecessor-version":[{"id":4019,"href":"https:\/\/portail.reseaubibart.inha.fr\/index.php?rest_route=\/wp\/v2\/pages\/708\/revisions\/4019"}],"up":[{"embeddable":true,"href":"https:\/\/portail.reseaubibart.inha.fr\/index.php?rest_route=\/wp\/v2\/pages\/142"}],"wp:attachment":[{"href":"https:\/\/portail.reseaubibart.inha.fr\/index.php?rest_route=%2Fwp%2Fv2%2Fmedia&parent=708"}],"curies":[{"name":"wp","href":"https:\/\/api.w.org\/{rel}","templated":true}]}}